 - -2) + 5?
5
What is the value of 1 + -6 - (-18 + 4 - (19 + -32))?
-4
Evaluate -4 + 0 + 23 + (39 - 68).
-10
Calculate -15 - (-6 - -17 - 25).
-1
Evaluate -1 - 2 - (38 - (21 + 19)).
-1
What is (-717 - -713) + (9 - 2)?
3
Evaluate (2 - (21 - 15)) + 2 + -1 + -1.
-4
What is the value of 11 + 2 - -1 - 23?
-9
What is the value of -17 - ((-1 - -8) + -11)?
-13
Calculate 50 - 5 - (55 - 30).
20
Evaluate -27 + 1 + (-10 - -31 - (-8 - -22)).
-19
Evaluate (48 - -2) + (45 + -37 - (2 - -16)).
40
What is the value of 2 + 4 + 11 + -17 - -16?
16
What is 28 + -38 - (-40 - (-3 + -3))?
24
What is the value of (8 + -9 - 5) + 1 + 10?
5
What is (-1 - -1) + ((4 - 20) + 7 - -14)?
5
-3 + -8 + 4 + (11 - 14)
-10
What is (27 + 11 - 18) + -14 - 0?
6
What is 12 + (-7 - (-29 - -10)) + -3?
21
20 - (-21 - -30 - 17)
28
Calculate -6 - (-9 + 10 + 1) - (-1 + 4).
-11
What is 18 + -3 - (-97 + 124)?
-12
Calculate 8 - (5 - 0 - (5 + 4)).
12
Evaluate 12 - (-12 + 40 + -24).
8
Calculate 119 + -109 + -9 + -1.
0
Evaluate -6 + 0 - ((-2 - 11) + 7) - 4.
-4
What is -55 + (19 - -2) + 18?
-16
What is (-15 + 36 - 5) + 4 + -1?
19
13 + -26 - (-7 - 17)
11
Calculate -13 - (-2 - 6 - -6).
-11
Evaluate -7 + (3 - (2 + 8 + -7)).
-7
Calculate (5 - 24) + -12 - ((3 - 5) + -6).
-23
What is 8 + (-21 - 7) - -44?
24
Evaluate (-4 - (-3 - 8)) + (29 - 16).
20
What is 10 - 1 - 4 - (249 + -230)?
-14
What is 0 + -3 + -9 + (-4 - -15)?
-1
What is the value of -5 + (10 - 0) + (4 - 9) - 0?
0
Evaluate 3 - (-27 + 12 + 3).
15
What is the value of (-1 + -4 - (-13 - -6)) + -9?
-7
-210 - -216 - (-19 + 0)
25
What is -20 - (-9 + -1 + (10 + -4 - 6))?
-10
What is the value of 8 - -1 - (-3 + 12 + -6) - 8?
-2
(-14 - 0) + (5 - 1)
-10
23 + -11 - -1 - 5
8
Calculate 1 - (3 + -1 + (-9 - (-16 - -6))).
-2
What is the value of (80 - 89 - (-2 + 2)) + -5 + -23?
-37
(3 - 1) + (0 - -2) + (-2558 - -2566)
12
Calculate (-323 - -259) + (-2 - -34).
-32
What is the value of -3 + ((1 - -3) + (-2 - 1) - -2)?
0
Calculate (-2 + -15 - -13) + 2 + -2.
-4
(-4 - 3) + 8 + -1 + (-9 - 2)
-11
Evaluate (2 - (0 - 2)) + -127 + 120 - 4.
-7
-15 - ((0 - 2) + 10 + -6)
-17
What is the value of (4 - (-14 - -19)) + -9?
-10
What is the value of (1 - 11) + -552 + 558?
-4
Calculate -9 - 0 - ((-9 - -20) + -3 + -9).
-8
What is the value of 21 - (57 - (-8 + 23))?
-21
Calculate 6 - -9 - 6 - -1.
10
Evaluate 24 - 9 - (-3 + 18).
0
Evaluate 3 - (8 + 0 + (-9 - -4) + -2).
2
Calculate (5 - (-8 + (-13 - -13))) + 5.
18
Calculate -7 - (-16 - -1 - -18).
-10
What is 15 + (-4 - 8) - (11 + 3 + 4)?
-15
Evaluate -2 + -1 - (19 - ((-12 - -10) + 22)).
-2
What is the value of 3 + (-10 - -1 - -1) + 1 + 5?
1
What is the value of 12 - (0 + 0 - (-55 + 49))?
6
What is 8 - (8 - (-11 + 14) - -6)?
-3
Evaluate (15 - (-13 - -28)) + (3 - -3).
6
What is the value of -11 - (-35 + 16 + 39)?
-31
What is the value of -13 - -14 - 11 - -13?
3
Evaluate 0 - (-4 - (1 + 5 - 8 - -16)).
18
Evaluate (6 - -8 - 24) + 11.
1
Evaluate (16 - 8 - 2) + -2 + -14.
-10
What is the value of 6 + (21 - 9 - (13 + -6))?
11
What is the value of -18 + (38 - 4) + -5?
11
-20 - (-15 - (3 - 3))
-5
Evaluate (-2 - (7 + -5 + -7)) + -1.
2
Evaluate 17 + -9 + 2 + 3 + -3 + -10.
0
Calculate (5 - 0) + -15 + -5 + 6.
-9
Evaluate 0 - 0 - (12 - -20 - 26).
-6
Evaluate -18 - (13 - (34 - -4)).
7
Calculate (1 - -10) + (42 - (85 - 58)).
26
Calculate (-6 - -14 - 31) + 18.
-5
Calculate 5 + 5 - (-7 + 12).
5
Calculate 2 + 0 + (-16 - -10) - 2 - 6.
-12
4 + -19 + 21 + 1
7
8 - 3 - -18 - 5
18
What is the value of -62 - (-148 - -76) - (-1 + 50)?
-39
-37 + (-8 - -41) - (9 + 1)
-14
-105 + 95 + -1 + 14 - -22
25
Calculate 1 - ((-8 + 11 - 4) + -1).
3
Evaluate 41 + -62 + (-6 - -44).
17
What is the value of -307 + 300 - (-1 - -15)?
-21
What is the value of 23 - ((0 - -19) + (-295 - -293))?
6
What is -8 - (-7 + 15) - -23?
7
11 + (2 - (-26 + 26))
13
-13 + -17 + -2 + 15 - 14
-31
Evaluate (2 - (5 + -12 - 11)) + -2.
18
Calculate 2 + -5 + -11 + 5 + 13 + 18.
22
9 + -25 + 1 + 33
18
What is the value of 11 + 17 + -20 - 16?
-8
27 - 23 - 37 - 0
-33
Evaluate (-1 - -2 - -2) + -33 + (8 - -2).
-20
Calculate 7 - 2 - (-263 + 292).
-24
What is -3 + -7 + 16 + -7 + 7 + -4?
2
Calculate (-6 - -1 - (-2 - -3)) + (2 - -1).
-3
What is 15 - (10 + -8 - -11) - (-17 + 0)?
19
Evaluate 13 + (27 - 17 - 37).
-14
What is (6 - 2) + (40 - 6) + -31?
7
What is the value of 6 + (-2 - (-8 - -3))?
9
6 - (8 + 14 + -8 + -15)
7
What is -13 - -14 - (-13 - -11)?
3
15 + (-21 - 6 - -20)
8
What is the value of (3 - 1) + 0 - (-14 - (-12 - -7))?
11
Evaluate 5 - -36 - (145 - 99).
-5
(-1 - 1) + (6 - (-10 + 8 + 15))
-9
What is the value of -7 + -2 + -2 - (-8 - -7)?
-10
What is the value of (-12 + 34 - ((10 - 0) + -6)) + 1?
19
What is (3 - 15) + (-33 - -28) + 9 + -1?
-9
Evaluate -15 + (3 + 18 - 4).
2
Calculate (7 - 0) + 10 + (-27 - 6).
-16
-3 + (0 + -14 - (-84 - -81))
-14
Evaluate -12 - (-6 + 6 + -8) - 12.
-16
What is -38 + 49 + -5 + -30?
-24
What is -5 + (6 - (-2 + 6)) + 6?
3
7 - ((-14 - -17) + 7 - 0)
-3
-10 + 11 + -1 + -28 + 19
-9
Evaluate -15 - (-20 - -3 - -5).
-3
What is the value of (62 - 21) + -58 - (1 + -12)?
-6
What is the value of 19 - ((-18 - -14) + 13)?
10
Evaluate 25 - (14 - -17) - 4.
-10
0 - 12 - (13 - (19 + -9))
-15
Calculate 14 + 0 + (0 - 6) + -4 - 9.
-5
What is the value of -13 + (4 - (9 + -27)) + (-25 - -5)?
-11
-45 + 36 + -19 + 20
-8
What is -16 + -18 + 32 - (-3 - (2 + -3))?
0
What is (1 - 0) + -44 + 41 - -5 - -6?
9
What is 10 + -1 - (7 - (-13 + 21 - 32))?
-22
(51 - 79) + -3 + 5 + -2 + 0
-28
What is 19 + 12 + -38 + 8?
1
-40 + -6 + 12 - (-2 - (0 + 2))
-30
What is -14 - ((-6 - -1) + 5) - (-14 - -19)?
-19
Calculate (2 - 12) + 9 + (-15 - 6 - -6).
-16
Calculate -26 + (13 - (3 - -4)) + 6.
-14
What is the value of 10 - 4 - (-18 + -4 + 12)?
16
Evaluate 6 + (4 - (9 + -5 + 6)).
0
What is -9 + (5 + -16 - -14)?
-6
What is the value of -37 - -23 - 28 - -10?
-32
Calculate -22 + (-29 - -20) + 19.
-12
Evaluate 4 + -6 + 2 - (-4 + -3 + -1).
8
(10 - 2) + (-11 - -17)
14
Calculate -329 - -321 - (-1 + 2 + -8).
-1
-4 - 1 - (-5 - -6 - 8) - 3
-1
-10 + 36 + (59 - 64 - (1 + -2))
22
Evaluate -3 + -4 - (-4 + -5).
2
Evaluate -20 + 26 - (23 + -30).
13
What is the value of 5 + -8 + 3 + -2 - (-1 + 1)?
-2
Evaluate 47 - (22 - -14) - 38.
-27
What is the value of 7 + -6 - (9 + 2)?
-10
(-38 + 42 - 8) + 3 + 0
-1
What is the value of (-7 - 6) + -12 + 23?
-2
Evaluate (-1 - (2 + 9 + -13)) + -4.
-3
Calculate -4 + 29 + -35 + -5.
-15
What is 7 - (14 + -32 + 41)?
-16
What is the value of 26 - 18 - -9 - (10 - -2)?
5
Calculate -2 + -14 + 8 - -4.
-4
Evaluate 4 + 12 + (-9 - 7).
0
Calculate 4 + (-5 - -2 - -8 - (-8 - -39)).
-22
What is the value of 15 + (0 - (-4 - (6 + -7) - -9))?
9
Evaluate (-12 - (-1 - (7 + 7 + -8))) + 22.
17
Calculate -4 - -23 - (-11 - 19 - -32).
17
Evaluate 39 + (44 - 88) + (1 - 17).
-21
What is the value of 1 + (0 - 10) - (-56 - -37 - -12)?
-2
What is (-29 - 7 - -2) + 46?
12
What is the value of 3 - (-22 - -46 - 20)?
-1
What is the value of (3 - (16 + -12)) + -12?
-13
Calculate -4 + (0 - (-3 + -4) - 4) - 4.
-5
What is -16 - (-1 + (10 - 19))?
-6
Calculate (-21 + 31 - 15) + (0 - -13).
8
What is 8 - (13 - 10) - (-11 - 11) - -3?
30
Evaluate -15 + (-12 - -27 - -3) + -9.
-6
Calculate 13 - (11 + 0 + -9).
11
Evaluate -23 + (31 - 9 - -23).
22
What is the value of 5 - (-2 + (2 - -1 - 3)) - 9?
-2
Evaluate (-16 - -5) + (-89 - -83).
-17
Evaluate (-1 - ((-10 - -18) + (7 - 15))) + 22.
21
What is the value of -43 + 54 - (-3 - -26)?
-12
What is the value of (8 - 28) + (1 - (1 - 2))?
-18
Evaluate 4 + -2 + 5 + -15 + -3.
-11
What is 2 + -27 + 18 + 24?
17
What is -20 + -6 - (-11 - (2 + -3))?
-16
Evaluate -31 + (5 + -1 - (2 + 14) - -15).
-28
(25 + -25 - (-4 - -1)) + (-4 - -12)
11
14 + -6 - (-5 + (3 - -20))
-10
What is the value of (-11 - (-7 + -6)) + 3 + 0 - 4?
1
What is the value of (276 - 263) + 0 + -15?
-2
10 + -5 + 3 + (18 - (-13 - -19))
20
What is the value of 6 + 2 + -9 + 29 + -15?
13
-7 + 8 + -5 + 6 + 9
11
What is 4 - (-10 + 25 + 15)?
-26
Evaluate -23 - (19 + -20 - 25).
3
-1 - (-3 + -5 - (-10 + 8))
5
Calculate -7 + 29 - 13 - 23.
-14
Evaluate -12 + 11 - 8 - (-12 - 1) - 7.
-3
What is the value of (5 - -1 - (-10 + 8 + 3)) + -2?
3
Calculate -36 - (-2 - -1) - (369 + -374).
-30
26 + -11 + (-5 - (12 + -22))
20
What is 29 + (-14 + -17 - -12 - -12)?
22
Evaluate 12 + (-2